4*q, 3*q + 2*b - 3 = -d*b. What are the prime factors of q?
2, 3
Let d(f) be the third derivative of 0*f**3 - 1/12*f**4 - 2*f**2 + 0 + 0*f. What are the prime factors of d(-2)?
2
Suppose -3*p - 2*q + 35 = 0, -6*p + 4*p + 5 = 5*q. List the prime factors of p.
3, 5
Suppose t + 5*a - 330 = -t, 3*a + 176 = t. What are the prime factors of t?
2, 5, 17
Suppose r - 11 = 3. List the prime factors of r.
2, 7
Let l(c) = 7*c**2 + 1. Let p be l(1). Let b = 9 + -13. Let i = p + b. List the prime factors of i.
2
Let h(b) = b**3 - 1 + 0 - 5*b**3 - 4*b**3. List the prime factors of h(-1).
7
Suppose 4*p + 5*b - 6 = 0, 2*p - 2*b - 14 = b. Suppose p*j = 6*j - 32. What are the prime factors of j?
2
Suppose -4*h - 92 = -6*h. What are the prime factors of h?
2, 23
List the prime factors of -9*(-7)/14*(6 - 0).
3
Suppose p + 2 = 1, -j - p + 23 = 0. Suppose 4*a - j = -z + 15, -2*a - 5*z = -33. What are the prime factors of a?
3
Let k(g) = -4*g + 1. Let r be k(-1). Let h(x) = -2*x - x**3 - 3 + x**2 + 0*x**3 - r*x**2. What are the prime factors of h(-4)?
5
Let d(k) = -k + 3. Let o be d(3). Suppose o*l + 42 = -3*l. Let v = l + 21. List the prime factors of v.
7
Let x(a) = -6*a - 25. What are the prime factors of x(-10)?
5, 7
Let d(g) = g**3 - 3*g**2 + 3*g - 1. Let x be d(3). Suppose -4*w = -a - 0 - 5, 2*a = -w + x. List the prime factors of w.
2
Suppose -m + 8 = 3*d, -5*m - 2*d = -32 - 8. What are the prime factors of m?
2
Let p = 44 - 26. List the prime factors of p.
2, 3
What are the prime factors of (-88)/(-33)*(0 - -3)?
2
Let n be 4 + -1 + 1 + 0. Suppose n*b + 2*y - 8 = 0, -b - 3*y + 3 = 2*b. What are the prime factors of (1/b)/(1/27)?
3
Suppose 4*n - 224 = 136. Suppose 5*o + n - 290 = 3*m, 4*m - 200 = -5*o. Suppose -3*a + 8 = 2, 4*s = -2*a + o. What are the prime factors of s?
3
Let k be 4/(-14) + 568/28. Suppose 4*t + 3*q = 4*q + 36, t - 4*q = 24. Suppose -3*u = -t*u + 2*x + 83, -5*x = k. What are the prime factors of u?
3, 5
Let m = 198 + -119. What are the prime factors of m?
79
Let u = 86 + -8. Suppose 0 = -2*p + 2 + 2, -3*m + u = -3*p. List the prime factors of m.
2, 7
Let c(d) = -d**2 - 8*d - 6. Let l(q) = q**2 + 9*q + 7. Let k(m) = -4*c(m) - 3*l(m). What are the prime factors of k(-6)?
3
Suppose 0*v = -2*v. Suppose v*a - 5*a = -90. List the prime factors of a.
2, 3
Let n be ((-6)/4)/(9/24). Let c be (12/10)/(n/(-20)). Let y = 17 - c. List the prime factors of y.
11
Let r(q) = -2*q - 1 - 3*q**3 - 2*q**3 + 4*q**2 + 4*q**3 + 8*q. What are the prime factors of r(4)?
23
Suppose 0*y + 282 = 3*t + y, 0 = -4*t + 2*y + 366. List the prime factors of t.
3, 31
Let u be (-2 + -3 + 4)*-13. List the prime factors of -1 + 0 + u + 5.
17
Let h = 43 + -23. Let s be 645/h + (-1)/4. Suppose -2*l = -4*l + s. List the prime factors of l.
2
Let t be 29*(-2 - 0 - -3). Let h = t - 8. List the prime factors of h.
3, 7
Let h = 117 - 113. List the prime factors of h.
2
Suppose 0 = 2*i - 0*i - 284. List the prime factors of i.
2, 71
Suppose 63 - 8 = 5*k. Suppose 3*y - 3*l + 3 = 0, -y - l - 2*l = -k. Suppose o - 20 = -4*b, y*b - o - 7 = -3. List the prime factors of b.
2
Let c = -483 - -340. List the prime factors of (1 - -5)/((-26)/c).
3, 11
Let h(s) = s**3 + 11*s**2 + 10*s - 10. Let o be h(-10). What are the prime factors of 492/15 + (-2)/o?
3, 11
Let n(k) = -1 + 3*k + k**2 - k + k. Let r be n(-3). List the prime factors of 1*(r - 0)*-5.
5
Suppose 107 = -6*y + 317. Let p be (1 - 2)*6/(-1). Suppose 0 = o - p*o + y. What are the prime factors of o?
7
Let y(r) = 2*r**2 + 6*r + 4. List the prime factors of y(3).
2, 5
Let v = -6 + 6. Suppose v = 2*o + o - 6. What are the prime factors of o?
2
Let f = 18 - 9. Let q = f - 3. What are the prime factors of 3/q*(-1 + 19)?
3
Let w(x) be the third derivative of -x**4/24 - 2*x**3/3 + 5*x**2. List the prime factors of w(-12).
2
Let u = 105 - -139. List the prime factors of u.
2, 61
Let z(l) = -2*l + 15. Let c be z(10). Let u(t) = -t**3 - 3*t**2 - t + 4. Let v be u(-3). Let b = c + v. What are the prime factors of b?
2
Suppose -3*s + 3*v + 6 = 0, 0 = 5*s - 2*s - 4*v - 6. Suppose 10 = 4*x - s*x. Suppose -29 = -3*q - x. List the prime factors of q.
2
Let d(o) = -o**2 - 7*o + 10. Let a be d(-8). Suppose -5 = a*m - 19. What are the prime factors of m?
7
Suppose -3*d = -0*d - 6. Suppose 5*o - 23 = -0*o - d*y, -o = 3*y - 15. What are the prime factors of o?
3
Suppose -2*j - 4*d + 222 = 0, -3*j - 444 = -7*j - 4*d. Suppose 0 = -4*b + 3*v + 81, b = 5*b + 3*v - j. What are the prime factors of b?
2, 3
Let h be 6*(2 - (-9)/(-6)). Let k(a) = a**3 - 4*a**2 + 3*a + 4. Let m be k(h). Let t(q) = q**3 - 3*q**2 - 5. What are the prime factors of t(m)?
11
Let t = 73 + -42. What are the prime factors of t?
31
List the prime factors of (120/28)/((-2)/(-14)).
2, 3, 5
Suppose 0 = -r - 1 - 0. List the prime factors of 16 - (r - (1 + 0)).
2, 3
Suppose 0 = 2*o + 8 - 0. What are the prime factors of o + 28/(-2 - -6)?
3
Suppose 8*y - 3*y = 15. Suppose -y*k - 2*n = k - 14, -n - 1 = -2*k. Suppose g - 5 = k. List the prime factors of g.
7
Let y(j) = j**2 - 6 - j - 2*j**3 + 7*j**2 + 3*j**3. Let m be y(-8). Let l(b) = -b**2 + 4*b - 2. What are the prime factors of l(m)?
2
Let n(y) = -y**2 + 3*y + 158. What are the prime factors of n(0)?
2, 79
Let k(x) = 0*x + x - 5*x. What are the prime factors of k(-2)?
2
Let d = -3 - 1. List the prime factors of (d/(-3))/((-4)/(-36)).
2, 3
Let d(u) = -u**3 - u**2 + u + 49. Let z be d(0). Suppose -2*h = 3*w - 37, -2*w + 3*h = 3*w - z. List the prime factors of w.
11
Let k(i) = -1 + i + 1 + 3 - 2*i. What are the prime factors of k(-9)?
2, 3
List the prime factors of 26*(0 + (-4)/(-8)).
13
Let f = 169 - 92. What are the prime factors of f?
7, 11
Suppose -10*m = m - 2266. What are the prime factors of m?
2, 103
Let j be (49/2)/(1/2). Suppose -j + 9 = 5*g. Let q(n) = -n**3 - 8*n**2 - 3*n - 9. List the prime factors of q(g).
3, 5
Let a(r) = -14*r**3 + r + 1. Suppose 4*m = 3*m. Let b be -1 - (m - 0) - 0. What are the prime factors of a(b)?
2, 7
Let m(x) = -x**3 - 3*x**2 + 3*x + 1. Let j = 1 + -5. Let s be m(j). Suppose 1 = s*g - 34. List the prime factors of g.
7
Let c(x) = 2*x**2 - 7*x - 8. Let l = -14 + 21. What are the prime factors of c(l)?
41
Let y = -27 - -45. Let h = -3 + y. What are the prime factors of h?
3, 5
List the prime factors of 11/((-1)/(-2) - 0).
2, 11
Let k = -41 + 38. Let d(w) = -2*w**3 - 3 + 2*w**3 - w**3 - 2*w - 2*w**2. What are the prime factors of d(k)?
2, 3
What are the prime factors of (-5)/(25/5) - -374?
373
Let r be (-6)/7*-1*(-21 + 7). Let d(x) = -3*x**2 + 5*x - 3. Let v be d(4). Let o = r - v. What are the prime factors of o?
19
Let v = 44 + -67. Let w = 5 - 20. Let o = w - v. What are the prime factors of o?
2
Let t = 43 - 14. Let f be t + -3*4/6. Let a = f - 19. List the prime factors of a.
2
What are the prime factors of (-1)/2*6 + 0 + 130?
127
Let v(o) = -o**3 - 4*o**2 + 17*o + 6. What are the prime factors of v(-8)?
2, 3, 7
Let h(a) = 7*a + 8. What are the prime factors of h(4)?
2, 3
Suppose 0 = -3*g + 3*r + 3, r - 12 = -g - 5. Suppose 4*m = -g*i + 36, -i - 5*m = -1 - 28. Suppose -a + 2*x = -2*a + 10, 0 = -x + i. List the prime factors of a.
2
Suppose -3*k - 2*k + 180 = 5*a, -3*k = -4*a + 144. List the prime factors of a.
2, 3
List the prime factors of (-20)/(-8)*2*3.
3, 5
Suppose 4*c + z - 1 + 8 = 0, 0 = -4*c - 2*z - 2. List the prime factors of 1 + (-34)/(-2) + c.
3, 5
Let w(s) = s**2 - 5*s - 7. List the prime factors of w(-4).
29
Let t(h) = -8*h. Let w be t(-1). List the prime factors of ((-12)/(-5))/(w/40).
2, 3
Suppose 10*a - 14*a + 840 = 0. List the prime factors of a.
2, 3, 5, 7
Let b be 5/((-15)/6)*-1. Let q = 9 - b. What are the prime factors of q?
7
Let d(k) = -k**3 + 8*k**2 + 12*k - 10. List the prime factors of d(7).
3, 41
Suppose 7 = -3*z + 127. List the prime factors of z.
2, 5
Let p be ((-3)/(-2))/(2/4). Let y(j) = 7*j**2 - 6*j**2 + 0 + 0. List the prime factors of y(p).
3
Let a(h) = h**2 + 2*h - 4. Let u(o) = 0 - 2*o + 2 - 3. Let g be u(2). List the prime factors of a(g).
11
Let r(m) = 2*m**2 - m - 3. Let v(d) = d**3 + d - 3. Let i be v(0). List the prime factors of r(i).
2, 3
Let l = -137 - -225. Let s = -63 + l. Suppose s = 5*h - 15. List the prime factors of h.
2
Let h be -1 - ((-1 - 1) + 2). Let 